(h) = -h**2 + 5*h - 5. Suppose -9*f = -12*f + 15. Give r(f).
-5
Suppose -4 = -3*j + 11. Suppose -2*g - l = -j, 7 = 5*g - 5*l - 13. Let w(o) = g - 2 - 5*o + 0*o. What is w(1)?
-4
Let d(r) = 4*r + 24. Let b(j) = -j - 6. Let a(c) = 9*b(c) + 2*d(c). Determine a(-12).
6
Suppose -18 = 4*d + 4*o - 66, -5*o = 4*d - 50. Let m be (12/d)/((-8)/(-20)). Let b(q) = -2*q**2 + 5*q - 3. What is b(m)?
-6
Suppose h + 28 = 3*h. Let k(a) = -h*a**2 + 0*a - 14*a**3 + 1 - 2*a + 16*a**2. Give k(1).
-13
Let y(r) = -r**2 + 7*r - 2. Let x = 42 - 37. What is y(x)?
8
Suppose -3*f - 11 = -2*h, 2*h - 5*f = -f + 12. Let k(o) be the first derivative of 3*o - h*o + 3 + 2*o**2 - 2*o. What is k(2)?
5
Suppose j + 5*u - 19 = 4, 2*j - 20 = 3*u. Let h = j - 9. Let b(m) be the second derivative of m**3/6 - 3*m**2/2 + 2*m. Calculate b(h).
1
Let o = -8 - -8. Suppose o = -4*z + 2*p - 24, -p = z + 2 + 1. Let l(t) be the first derivative of t**3/3 + 2*t**2 + t + 1. Determine l(z).
6
Let v(g) = -g - 6. Suppose -2*c + 6 = -c. Let u be (-34)/c - (-5)/(-15). Give v(u).
0
Suppose -6 + 34 = -7*g. Let h(q) = -q. Give h(g).
4
Let j(g) be the second derivative of -g**6/240 + g**5/120 - g**4/12 + 2*g. Let c(q) be the third derivative of j(q). Determine c(1).
-2
Let b(w) be the second derivative of 1/12*w**4 - w**2 + 0 + 1/6*w**3 - 3*w. Let s = 6 + -3. What is b(s)?
10
Let u(d) = -2*d - 3. Let y be 16/72 - 43/(-9). Suppose z - 3*i + y = -6, -5*z - 19 = 3*i. Determine u(z).
7
Let l(p) = p**2 - 3*p - 34. Let d be l(7). Let j(f) = -2 - f**3 - 5*f**2 + 4*f**3 - 4*f**3 + 6*f. Give j(d).
-2
Let a be (-4)/2 - (0 - 2). Suppose 0*t - t = a. Let q(s) = -s**3 + s**2 - s + 2. Give q(t).
2
Let h(f) = -11 + 0*f + f**2 + 1 - 8*f + 3*f. Calculate h(7).
4
Let p(x) be the first derivative of -x**3/3 - 2*x**2 + 5*x + 1. Let u be p(-5). Suppose b - 1 + 4 = u. Let d(z) = z**3 + 3*z**2 + z + 3. What is d(b)?
0
Let o(c) = 5*c**2 - 7*c - 7. Let v(l) = -7*l**2 - 5*l + 2. Let s(b) = -10*b**2 - 7*b + 3. Let j(k) = 5*s(k) - 7*v(k). Let u(h) = 4*j(h) + o(h). Give u(7).
-3
Let j be 5/(-1*(-5)/(-20)*-4). Let t = -1 - -2. Let n(u) = -2*u**2 + 6*u - 2. Let v(k) = -k**2 + 1. Let c(b) = t*v(b) - n(b). Determine c(j).
-2
Let b(r) = -7*r**3 + 2*r**2 - 5*r + 7. Let v(z) = -3*z**3 + z**2 - 2*z + 3. Let w(p) = 2*b(p) - 5*v(p). Give w(3).
17
Let i(w) = 6*w - 3. Let m(a) = -a + 5. Suppose -q = 3*p - 10, -2*p - 11 = -4*p - 5*q. Let v be m(p). Determine i(v).
9
Let h(d) be the first derivative of 1/360*d**6 + 0*d**2 + d**3 - 3 + 1/24*d**5 + 0*d - 1/6*d**4. Let v(w) be the third derivative of h(w). Calculate v(-5).
-4
Let y(k) = -3*k**2 - k - 2. Let a(b) = -16*b**2 - 6*b - 11. Let n(j) = 2*a(j) - 11*y(j). Determine n(0).
0
Let a(j) = 4 - 4 - 1 - j. Calculate a(-1).
0
Let z(g) = -g - 5. Let n be (0 + -1)/(1/5). Give z(n).
0
Let c(k) = -k - 4. Let d be c(-3). Let a(m) be the second derivative of -m**3/2 - 7*m**2/2 - m. Let n(q) = -q - 1. Let b(t) = d*a(t) + 4*n(t). What is b(0)?
3
Let n(q) be the second derivative of q**5/20 + 5*q**4/12 + q**3/2 + 7*q**2/2 - 6*q - 1. Calculate n(-5).
-8
Let r(j) = j + 22. Let s(f) = f**2 - 13*f - 1. Let v be s(12). What is r(v)?
9
Suppose 9*q - 4*q = -35. Let m(y) = -11*y - 4*y**2 - 16*y - 10 + 17*y. Let w(n) = 3*n**2 + 7*n + 7. Let d(j) = q*w(j) - 5*m(j). Determine d(-1).
-1
Suppose 0 = 3*t, -4*t + 2 = -2*l + 6. Let d be -5*(0 + l)/(-2). Let y(h) = h**2 - 5*h + 5. What is y(d)?
5
Let n(g) be the second derivative of g**5/120 - g**4/8 + g**3/2 - g. Let s(h) be the second derivative of n(h). Give s(6).
3
Suppose 4*w = 3*i - 22, -w - w = 8. Suppose d + d = 4. Let h(m) = -1 + m**2 - 2*m**d - m**2 + 3*m**i. Calculate h(-2).
3
Let x(m) = -4*m + 2. Let s(n) = -7*n + 3. Let c = -1 - -7. Let l(o) = c*s(o) - 11*x(o). Give l(6).
8
Let k(d) = -2*d - 6. Suppose -2*v + 4 = 16. Calculate k(v).
6
Let n = 4 - 5. Let x(c) = 6*c**3 + c**2 + 3*c + 8. Let s(w) = -w**3 - w**2 - 1. Let v(j) = n*x(j) - 5*s(j). What is v(3)?
-3
Let p(s) = -s**3 + 4*s**2 + 5*s - 3. Let r(j) be the second derivative of j**4/12 + j**3/6 - 2*j. Let i(x) = p(x) - 2*r(x). What is i(3)?
-3
Suppose 1 - 5 = z. Let d(k) be the first derivative of -7*k**3/3 - 5*k**2/2 - k + 2. Let t(o) = 4*o**2 + 2*o. Let j(s) = -3*d(s) - 5*t(s). What is j(z)?
-1
Let k(f) be the second derivative of f**4/12 + 5*f**3/6 + f**2 + 5*f. What is k(-4)?
-2
Let w(c) = -3*c + 25. Let a be w(10). Let r(k) = -k**2 - 2*k - 5. Determine r(a).
-20
Let p(d) = -43*d**2 + 86*d**2 + 4*d - 44*d**2 - 2. Let f be 2/(-6) - 52/(-12). What is p(f)?
-2
Let f = 2053/12 - 171. Let d(y) be the second derivative of 0 - f*y**4 + 2/3*y**3 + 5/2*y**2 + y. Give d(5).
0
Let f(s) = -s**3 - 3*s**2 + 3*s - 1. Let x be f(1). Let d(v) be the third derivative of v**5/12 + v**4/12 - v**3/3 - 2*v**2. Determine d(x).
14
Let z(q) be the first derivative of q**4/4 + 2*q**3/3 - 2*q + 11. Let n be z(-2). Let g(a) be the first derivative of a**3/3 + 2*a**2 - 1. Determine g(n).
-4
Let m(d) = -d - d - 7*d**3 + 6*d**3 + 3. Suppose -3*l + c = -12, c = -2*l - 3*c - 6. Suppose l*n + 4*z - 22 = 0, 0 = -n + 5*n + 4*z - 24. Give m(n).
-9
Let r(y) be the second derivative of -2*y**3/3 - y**2/2 + 4*y. Suppose 0 = 4*b - 2*p + 4*p - 2, p - 11 = 3*b. Determine r(b).
7
Let d = 48 - 47. Let k(c) be the third derivative of -2*c**5/15 - c**4/24 + c**3/6 + 5*c**2. Determine k(d).
-8
Let f = -2 + 9. Let v(g) = 0*g - 3*g**2 + g**3 + g + 9 - f. Let w(u) = 3*u. Let t be w(1). Calculate v(t).
5
Suppose -4 = -j - 0. Let k = -1 + 3. Let g(f) = -3*f - f**2 + 6*f**k + 0*f**2 - 4 - j*f**2. Calculate g(5).
6
Let x(b) = -10*b**2 - 12*b - 7. Let j(d) = -7*d**2 - 8*d - 5. Let o(i) = -7*j(i) + 5*x(i). Calculate o(-5).
-5
Let l(x) = -8*x**2 + 2*x - 6. Let h(a) = 17*a**2 - 4*a + 13. Let r(b) = 6*h(b) + 13*l(b). Suppose -29*s = -31 - 27. Determine r(s).
-4
Let h(t) = 4*t. Let l be 80/50 + 4/10. What is h(l)?
8
Let u(y) = -4*y - 9. Let c be u(-2). Let j(g) = -g. Calculate j(c).
1
Let a(w) = -5*w**2 - 4*w - 1. Let t(z) = -z. Let x(q) = -a(q) + 4*t(q). Let k(f) = -f**2 + 10*f - 13. Let n be k(9). Let g be n - -3 - (2 - 4). Calculate x(g).
6
Let q(y) = 9*y**2 + 6*y - 5. Let t(w) = 9*w**2 + 7*w - 6. Let p(m) = -6*q(m) + 5*t(m). Let x = -85 + 86. Give p(x).
-10
Let x(w) be the second derivative of 2*w - 1/2*w**2 - 1/12*w**4 + 7/6*w**3 + 0. Let g be 1 + 20/(4 + 0). Calculate x(g).
5
Let g be (-148)/(-28) + 2/(-7). Suppose -4*y + g = -7. Let c(o) = o**2 - 4. What is c(y)?
5
Let j(x) be the first derivative of -x**3/3 - 5*x**2/2 - x - 15. What is j(-4)?
3
Let f(a) be the third derivative of -a**5/60 - 5*a**4/24 - a**3/3 + 4*a**2. Give f(-3).
4
Let t(f) = 4*f + 10*f**2 + 7 - 6*f**2 - 5*f**2. What is t(5)?
2
Let m be (-6)/(-3) + 3 + -3. Let d(j) = j**3 + 3*j + 3*j**2 + 2*j**m - 1 + 0 + 3. Determine d(-3).
11
Let t(i) be the first derivative of i**4/4 + 2*i**3 + 3*i**2/2 + 3*i + 15. Calculate t(-5).
13
Let x(l) = -l + 2. Let o be x(4). Let n = 1 - o. Suppose -n*k - 2*s = 4, -6 = -3*k + 5*s - 38. Let d(y) = y + 8. Calculate d(k).
4
Let m be (1 - 2) + -1 + 8. Let s(t) = t**3 - 6*t**2 - 2*t - 3. Calculate s(m).
-15
Let k(y) = -2*y**2 - 2*y - 1. Let r(b) = -b**2 - 3*b - 2. Let w(m) = 3*k(m) - 4*r(m). Calculate w(5).
-15
Let n(f) be the second derivative of -f**3/2 + 7*f**2/2 - 29*f. Give n(5).
-8
Let g(a) be the first derivative of -a**4/4 - 4*a**3/3 + a - 8. Calculate g(-3).
-8
Let s(g) be the first derivative of g**3/3 - g**2/2 + 4*g + 1. Suppose 3*p = -0*p. Calculate s(p).
4
Let z(p) = -p**3 - 6*p**2 - 8*p - 6. Let g = -10 - -12. Let k = g - 7. Determine z(k).
9
Let s(m) = 8*m**2 - 7. Suppose 0 = 8*u - 10*u - 10. Let v(y) = 8*y**2 - 6. Let z(k) = k**3 + 3*k**2 - k. Let c be z(-2). Let p(r) = c*v(r) + u*s(r). Give p(-1).
7
Let h(p) = -p - 4 - 3*p**2 + 4*p**2 + 4. Let b(f) = -13*f**2 + 5*f. Let u(v) = -b(v) - 6*h(v). Calculate u(-1).
6
Let x(h) be the second derivative of -h**5/30 - h**4/8 + h**3/6 - 5*h**2/2 - 4*h. Let g(z) be the first derivative of x(z). What is g(-3)?
-8
Let h(q) = q**3 - 5*q**2 + 4*q. Let f = 7 - 3. Give h(f).
0
Let r(t) = 451*t + 4*t**2 - 6*t**2 + 2 - 449*t. Give r(-2).
-10
Let w be (5 + -2)*6/(-9). Let y(m) = m**2 + 2*m + 2. Let b be y(-2). Let a(t) = b*t**3 + 1 + 2*t**2 - 5*t - 3 + 2*t. Calculate a(w).
-4
Let v(u) = -3*u + 7. Let y(p) = 8*p - 20. Le